{"id":1693,"date":"2024-01-09T12:04:46","date_gmt":"2024-01-09T11:04:46","guid":{"rendered":"https:\/\/bgg.de\/web\/?page_id=1693"},"modified":"2026-03-04T12:12:23","modified_gmt":"2026-03-04T11:12:23","slug":"frankfurt-oststern-west","status":"publish","type":"page","link":"https:\/\/bgg.de\/web\/frankfurt-oststern-west\/","title":{"rendered":"Frankfurt, Oststern West"},"content":{"rendered":"\n<section id=\"gm5d1a740\" class=\"wp-block-gutentor-m4 section-gm5d1a740 gutentor-module gutentor-advanced-columns has-color-bg has-custom-bg\"><div class=\"grid-container\"><div class=\"grid-row\">\n<div id=\"col-gm26cc5d\" class=\"wp-block-gutentor-m4-col col-gm26cc5d gutentor-single-column  grid-lg-12 grid-md-12 grid-12\"><div id=\"section-gm26cc5d\" class=\"section-gm26cc5d gutentor-col-wrap\">\n<div id=\"section-g4fac15\" class=\"wp-block-gutentor-e1 section-g4fac15 gutentor-element gutentor-element-advanced-text text-align-center-desktop text-align-center-mobile\"><div class=\"gutentor-text-wrap\"><p class=\"gutentor-text\"><a href=\"https:\/\/bgg.de\/web\/buero\/\" data-type=\"page\" data-id=\"1288\">B\u00dcRO<\/a><\/p><\/div><\/div>\n\n\n\n<div id=\"section-gb0806e\" class=\"wp-block-gutentor-e1 section-gb0806e gutentor-element gutentor-element-advanced-text text-align-center-desktop\"><div class=\"gutentor-text-wrap\"><h2 class=\"gutentor-text\">Frankfurt &#8211; Oststern West<\/h2><\/div><\/div>\n\n\n\n<section id=\"gm9f2499a\" class=\"wp-block-gutentor-m5 section-gm9f2499a gutentor-module gutentor-module-slider gutentor-slick-a-default-desktop gutentor-module-caption-enabled\"><div class=\"gutentor-module-slider-row\" data-dots=\"false\" data-dotstablet=\"false\" data-dotsmobile=\"false\" data-nextarrow=\"fas fa-angle-right\" data-prevarrow=\"fas fa-angle-left\" data-arrows=\"true\" data-arrowstablet=\"true\" data-arrowsmobile=\"true\" data-fade=\"true\" data-draggable=\"true\" data-infinite=\"true\" data-autoplay=\"true\" data-pauseonfocus=\"false\" data-pauseonhover=\"false\" data-speed=\"1000\" data-autoplayspeed=\"2500\" data-arrowspositiondesktop=\"gutentor-slick-a-default-desktop\">\n<div id=\"col-gmf4b8d2\" class=\"wp-block-gutentor-m5-col col-gmf4b8d2 gutentor-slider-item\"><div id=\"section-gmf4b8d2\" class=\"section-gmf4b8d2 gutentor-col-wrap has-image-normal has-custom-bg\"><img decoding=\"async\" src=\"https:\/\/bgg.de\/web\/wp-content\/uploads\/2026\/03\/weststern1.jpg\" alt=\"\"\/><div class=\"gutentor-slider-caption\"><div class=\"grid-container\"><\/div><\/div><\/div><\/div>\n\n\n\n<div id=\"col-gmf37fcc\" class=\"wp-block-gutentor-m5-col col-gmf37fcc gutentor-slider-item\"><div id=\"section-gmf37fcc\" class=\"section-gmf37fcc gutentor-col-wrap has-image-normal has-custom-bg\"><img decoding=\"async\" src=\"https:\/\/bgg.de\/web\/wp-content\/uploads\/2026\/03\/weststern2.png\" alt=\"\"\/><div class=\"gutentor-slider-caption\"><div class=\"grid-container\"><\/div><\/div><\/div><\/div>\n\n\n\n<div id=\"col-gm3aab11\" class=\"wp-block-gutentor-m5-col col-gm3aab11 gutentor-slider-item\"><div id=\"section-gm3aab11\" class=\"section-gm3aab11 gutentor-col-wrap has-image-normal has-custom-bg\"><img decoding=\"async\" src=\"https:\/\/bgg.de\/web\/wp-content\/uploads\/2026\/03\/weststern4.png\" alt=\"\"\/><div class=\"gutentor-slider-caption\"><div class=\"grid-container\"><\/div><\/div><\/div><\/div>\n\n\n\n<div id=\"col-g-c1gcg51\" class=\"wp-block-gutentor-m5-col col-g-c1gcg51 gutentor-slider-item\"><div id=\"section-g-c1gcg51\" class=\"section-g-c1gcg51 gutentor-col-wrap has-image-normal has-custom-bg\"><img decoding=\"async\" src=\"https:\/\/bgg.de\/web\/wp-content\/uploads\/2026\/03\/weststern6.png\" alt=\"\"\/><div class=\"gutentor-slider-caption\"><div class=\"grid-container\"><\/div><\/div><\/div><\/div>\n<\/div><\/section>\n\n\n\n<div id=\"section-g47f75a\" class=\"wp-block-gutentor-e1 section-g47f75a gutentor-element gutentor-element-advanced-text text-align-center-desktop\"><div class=\"gutentor-text-wrap\"><p class=\"gutentor-text\"><strong>BAUHERR<\/strong><br>Lang und Cie<br><br><strong>PLANUNG<\/strong><br>Jo Franzke Generalplaner, Frankfurt<br><br><strong>AUSF\u00dcHRUNGSPLANUNG<\/strong><br>dwPlan, Darmstadt<br><br><strong>FERTIGSTELLUNG<\/strong><br>2022<br><br>Neubau B\u00fcro- und Verwaltungsgeb\u00e4ude<br>Ausschreibung Vergabe Objekt\u00fcberwachung &nbsp;<\/p><\/div><\/div>\n<\/div><\/div>\n<\/div><\/div><\/section>\n","protected":false},"excerpt":{"rendered":"","protected":false},"author":2,"featured_media":0,"parent":0,"menu_order":0,"comment_status":"closed","ping_status":"closed","template":"template-gutentor-full-width.php","meta":{"footnotes":""},"class_list":["post-1693","page","type-page","status-publish","hentry"],"_links":{"self":[{"href":"https:\/\/bgg.de\/web\/wp-json\/wp\/v2\/pages\/1693","targetHints":{"allow":["GET"]}}],"collection":[{"href":"https:\/\/bgg.de\/web\/wp-json\/wp\/v2\/pages"}],"about":[{"href":"https:\/\/bgg.de\/web\/wp-json\/wp\/v2\/types\/page"}],"author":[{"embeddable":true,"href":"https:\/\/bgg.de\/web\/wp-json\/wp\/v2\/users\/2"}],"replies":[{"embeddable":true,"href":"https:\/\/bgg.de\/web\/wp-json\/wp\/v2\/comments?post=1693"}],"version-history":[{"count":3,"href":"https:\/\/bgg.de\/web\/wp-json\/wp\/v2\/pages\/1693\/revisions"}],"predecessor-version":[{"id":2756,"href":"https:\/\/bgg.de\/web\/wp-json\/wp\/v2\/pages\/1693\/revisions\/2756"}],"wp:attachment":[{"href":"https:\/\/bgg.de\/web\/wp-json\/wp\/v2\/media?parent=1693"}],"curies":[{"name":"wp","href":"https:\/\/api.w.org\/{rel}","templated":true}]}}