{"id":2383,"date":"2024-02-12T18:33:45","date_gmt":"2024-02-12T17:33:45","guid":{"rendered":"https:\/\/bgg.de\/web\/?page_id=2383"},"modified":"2024-02-12T18:59:12","modified_gmt":"2024-02-12T17:59:12","slug":"berlin-p1","status":"publish","type":"page","link":"https:\/\/bgg.de\/web\/berlin-p1\/","title":{"rendered":"Berlin, P1"},"content":{"rendered":"\n<section id=\"gm433f762\" class=\"wp-block-gutentor-m4 section-gm433f762 gutentor-module gutentor-advanced-columns has-color-bg has-custom-bg\"><div class=\"grid-container\"><div class=\"grid-row\">\n<div id=\"col-gmae2b91\" class=\"wp-block-gutentor-m4-col col-gmae2b91 gutentor-single-column  grid-lg-12 grid-md-12 grid-12\"><div id=\"section-gmae2b91\" class=\"section-gmae2b91 gutentor-col-wrap\">\n<div id=\"section-g7729aa\" class=\"wp-block-gutentor-e1 section-g7729aa gutentor-element gutentor-element-advanced-text text-align-center-desktop text-align-center-mobile\"><div class=\"gutentor-text-wrap\"><p class=\"gutentor-text\"><a href=\"https:\/\/bgg.de\/web\/buero\/\" data-type=\"page\" data-id=\"1288\">B\u00dcRO<\/a><\/p><\/div><\/div>\n\n\n\n<div id=\"section-g55b8b2\" class=\"wp-block-gutentor-e1 section-g55b8b2 gutentor-element gutentor-element-advanced-text text-align-center-desktop\"><div class=\"gutentor-text-wrap\"><h2 class=\"gutentor-text\">Berlin &#8211; P1<\/h2><\/div><\/div>\n\n\n\n<section id=\"gm5974be7\" class=\"wp-block-gutentor-m5 section-gm5974be7 gutentor-module gutentor-module-slider gutentor-slick-a-default-desktop gutentor-module-caption-enabled\"><div class=\"gutentor-module-slider-row\" data-dots=\"false\" data-dotstablet=\"false\" data-dotsmobile=\"false\" data-nextarrow=\"fas fa-angle-right\" data-prevarrow=\"fas fa-angle-left\" data-arrows=\"true\" data-arrowstablet=\"true\" data-arrowsmobile=\"true\" data-fade=\"true\" data-draggable=\"true\" data-infinite=\"true\" data-autoplay=\"true\" data-pauseonfocus=\"false\" data-pauseonhover=\"false\" data-speed=\"1000\" data-autoplayspeed=\"2500\" data-arrowspositiondesktop=\"gutentor-slick-a-default-desktop\">\n<div id=\"col-gmbbb519\" class=\"wp-block-gutentor-m5-col col-gmbbb519 gutentor-slider-item\"><div id=\"section-gmbbb519\" class=\"section-gmbbb519 gutentor-col-wrap has-image-normal has-custom-bg\"><img decoding=\"async\" src=\"https:\/\/bgg.de\/web\/wp-content\/uploads\/2024\/02\/berlin-p1-1.jpg\" alt=\"\"\/><div class=\"gutentor-slider-caption\"><div class=\"grid-container\"><\/div><\/div><\/div><\/div>\n\n\n\n<div id=\"col-gm75cc2a\" class=\"wp-block-gutentor-m5-col col-gm75cc2a gutentor-slider-item\"><div id=\"section-gm75cc2a\" class=\"section-gm75cc2a gutentor-col-wrap has-image-normal has-custom-bg\"><img decoding=\"async\" src=\"https:\/\/bgg.de\/web\/wp-content\/uploads\/2024\/02\/berlin-p1-2.jpg\" alt=\"\"\/><div class=\"gutentor-slider-caption\"><div class=\"grid-container\"><\/div><\/div><\/div><\/div>\n\n\n\n<div id=\"col-gm1fad3e\" class=\"wp-block-gutentor-m5-col col-gm1fad3e gutentor-slider-item\"><div id=\"section-gm1fad3e\" class=\"section-gm1fad3e gutentor-col-wrap has-image-normal has-custom-bg\"><img decoding=\"async\" src=\"https:\/\/bgg.de\/web\/wp-content\/uploads\/2024\/02\/berlin-p1-3.jpg\" alt=\"\"\/><div class=\"gutentor-slider-caption\"><div class=\"grid-container\"><\/div><\/div><\/div><\/div>\n\n\n\n<div id=\"col-gm8d86ce\" class=\"wp-block-gutentor-m5-col col-gm8d86ce gutentor-slider-item\"><div id=\"section-gm8d86ce\" class=\"section-gm8d86ce gutentor-col-wrap has-image-normal has-custom-bg\"><img decoding=\"async\" src=\"https:\/\/bgg.de\/web\/wp-content\/uploads\/2024\/02\/berlin-p1-4.jpg\" alt=\"\"\/><div class=\"gutentor-slider-caption\"><div class=\"grid-container\"><\/div><\/div><\/div><\/div>\n<\/div><\/section>\n\n\n\n<div id=\"section-gb0dcb7\" class=\"wp-block-gutentor-e1 section-gb0dcb7 gutentor-element gutentor-element-advanced-text text-align-center-desktop\"><div class=\"gutentor-text-wrap\"><p class=\"gutentor-text\"><strong>BAUHERR<\/strong><br>Signa<br><br><strong>PLANUNG<\/strong><br>KEC Planungsgesellschaft mbH<br><br><strong>FERTIGSTELLUNG<\/strong><br>offen<br><br>Neubau B\u00fcro- und Gesch\u00e4ftshaus mit Tiefgarage f\u00fcr KaDeWe<br>Ausschreibung Vergabe Objekt\u00fcberwachung<\/p><\/div><\/div>\n<\/div><\/div>\n<\/div><\/div><\/section>\n","protected":false},"excerpt":{"rendered":"","protected":false},"author":2,"featured_media":0,"parent":0,"menu_order":0,"comment_status":"closed","ping_status":"closed","template":"template-gutentor-full-width.php","meta":{"footnotes":""},"class_list":["post-2383","page","type-page","status-publish","hentry"],"_links":{"self":[{"href":"https:\/\/bgg.de\/web\/wp-json\/wp\/v2\/pages\/2383","targetHints":{"allow":["GET"]}}],"collection":[{"href":"https:\/\/bgg.de\/web\/wp-json\/wp\/v2\/pages"}],"about":[{"href":"https:\/\/bgg.de\/web\/wp-json\/wp\/v2\/types\/page"}],"author":[{"embeddable":true,"href":"https:\/\/bgg.de\/web\/wp-json\/wp\/v2\/users\/2"}],"replies":[{"embeddable":true,"href":"https:\/\/bgg.de\/web\/wp-json\/wp\/v2\/comments?post=2383"}],"version-history":[{"count":3,"href":"https:\/\/bgg.de\/web\/wp-json\/wp\/v2\/pages\/2383\/revisions"}],"predecessor-version":[{"id":2401,"href":"https:\/\/bgg.de\/web\/wp-json\/wp\/v2\/pages\/2383\/revisions\/2401"}],"wp:attachment":[{"href":"https:\/\/bgg.de\/web\/wp-json\/wp\/v2\/media?parent=2383"}],"curies":[{"name":"wp","href":"https:\/\/api.w.org\/{rel}","templated":true}]}}