{"id":53,"date":"2019-10-01T09:08:02","date_gmt":"2019-10-01T07:08:02","guid":{"rendered":"https:\/\/www.demo.cosmoswp.com\/demo-3\/?page_id=206"},"modified":"2025-03-24T10:52:42","modified_gmt":"2025-03-24T09:52:42","slug":"ueber-uns","status":"publish","type":"page","link":"https:\/\/bgg.de\/web\/ueber-uns\/","title":{"rendered":"profil"},"content":{"rendered":"\n<div id=\"section-ge08ebd\" class=\"wp-block-gutentor-e6 section-ge08ebd gutentor-element gutentor-element-image\"><div class=\"gutentor-element-image-box\"><div class=\"gutentor-bg-image\"><\/div><\/div><\/div>\n\n\n\n<section id=\"gmc3a9a27\" class=\"wp-block-gutentor-m4 section-gmc3a9a27 gutentor-module gutentor-advanced-columns has-image-bg has-custom-bg has-gutentor-overlay\"><div class=\"grid-container\"><div class=\"grid-row\">\n<div id=\"col-gm1467d2\" class=\"wp-block-gutentor-m4-col col-gm1467d2 gutentor-single-column  grid-lg-12 grid-md-12 grid-12\"><div id=\"section-gm1467d2\" class=\"section-gm1467d2 gutentor-col-wrap\">\n<section id=\"gm5f2af56\" class=\"wp-block-gutentor-m4 section-gm5f2af56 gutentor-module gutentor-advanced-columns\"><div class=\"grid-container\"><div class=\"grid-row\">\n<div id=\"col-gm3e92e2\" class=\"wp-block-gutentor-m4-col col-gm3e92e2 gutentor-single-column  grid-lg-6 grid-md-12 grid-12 wow slideInLeft\" data-wow-animation=\"slideInLeft\" data-wow-iteration=\"1\"><div id=\"section-gm3e92e2\" class=\"section-gm3e92e2 gutentor-col-wrap\">\n<div id=\"section-g6274f4\" class=\"wp-block-gutentor-e1 section-g6274f4 gutentor-element gutentor-element-advanced-text\"><div class=\"gutentor-text-wrap\"><p class=\"gutentor-text\">Das Geheimnis des Erfolges ist, den Standpunkt des anderen zu verstehen<\/p><\/div><\/div>\n\n\n\n<div id=\"section-gcfff54\" class=\"wp-block-gutentor-e1 section-gcfff54 gutentor-element gutentor-element-advanced-text\"><div class=\"gutentor-text-wrap\"><p class=\"gutentor-text\">Henry Ford<\/p><\/div><\/div>\n\n\n\n<div id=\"section-g888213\" class=\"wp-block-gutentor-e1 section-g888213 gutentor-element gutentor-element-advanced-text wow slideInLeft\" data-wow-animation=\"slideInLeft\"><div class=\"gutentor-text-wrap\"><p class=\"gutentor-text\">Die Aussage von Henry Ford ist unabdingbar f\u00fcr den Umgang mit unseren planenden Architekten, Bauherrn, Auftraggebern, aber auch innerhalb unseres Teams. Erfahrung und ganzheitliches Denken zahlen sich aus. Denn erst kongeniales Wissen in nahezu allen (bau)relevanten Disziplinen macht Projekte wirtschaftlich und zukunftssicher.<\/p><\/div><\/div>\n<\/div><\/div>\n\n\n\n<div id=\"col-gm676c4d\" class=\"wp-block-gutentor-m4-col col-gm676c4d gutentor-single-column  grid-lg-6 grid-md-12 grid-12\"><div id=\"section-gm676c4d\" class=\"section-gm676c4d gutentor-col-wrap\">\n<div id=\"section-g8190ca\" class=\"wp-block-gutentor-e1 section-g8190ca gutentor-element gutentor-element-advanced-text wow slideInRight\" data-wow-animation=\"slideInRight\"><div class=\"gutentor-text-wrap\"><p class=\"gutentor-text\">BGG Architekten + Ingenieure decken s\u00e4mtliche Leistungen im Architekturbereich ab. Immer mit dem Blick aufs Ganze. <br><br>Unser Leistungsschwerpunkt, das Bau- und Projektmanagement, basiert auf jahrzehntelanger Erfahrung mit qualifizierten Mitarbeiter:innen.<\/p><\/div><\/div>\n<\/div><\/div>\n<\/div><\/div><\/section>\n<\/div><\/div>\n<\/div><\/div><\/section>\n\n\n\n<section id=\"gm068c43f\" class=\"wp-block-gutentor-m4 section-gm068c43f gutentor-module gutentor-advanced-columns has-color-bg has-custom-bg\"><div class=\"grid-container\"><div class=\"grid-row\">\n<div id=\"col-gmd4768a\" class=\"wp-block-gutentor-m4-col col-gmd4768a gutentor-single-column  grid-lg-12 grid-md-12 grid-12\"><div id=\"section-gmd4768a\" class=\"section-gmd4768a gutentor-col-wrap\">\n<div id=\"section-gec258d\" class=\"wp-block-gutentor-e1 section-gec258d gutentor-element gutentor-element-advanced-text text-align-center-desktop\"><div class=\"gutentor-text-wrap\"><p class=\"gutentor-text\">BGG ARCHITEKTEN + INGENIEURE<\/p><\/div><\/div>\n\n\n\n<div id=\"section-g75d474\" class=\"wp-block-gutentor-e1 section-g75d474 gutentor-element gutentor-element-advanced-text text-align-center-desktop\"><div class=\"gutentor-text-wrap\"><h2 class=\"gutentor-text\">B\u00fcroleitung<\/h2><\/div><\/div>\n\n\n\n<section id=\"gm66c2fd7\" class=\"wp-block-gutentor-m4 section-gm66c2fd7 gutentor-module gutentor-advanced-columns\"><div class=\"grid-container\"><div class=\"grid-row\">\n<div id=\"col-gmf4460f\" class=\"wp-block-gutentor-m4-col col-gmf4460f gutentor-single-column  grid-lg-3 grid-md-12 grid-12\"><div id=\"section-gmf4460f\" class=\"section-gmf4460f gutentor-col-wrap\"><\/div><\/div>\n\n\n\n<div id=\"col-gm5628a7\" class=\"wp-block-gutentor-m4-col col-gm5628a7 gutentor-single-column  grid-lg-3 grid-md-12 grid-12\"><div id=\"section-gm5628a7\" class=\"section-gm5628a7 gutentor-col-wrap\">\n<div id=\"section-g5e9e5f\" class=\"wp-block-gutentor-e6 section-g5e9e5f gutentor-element gutentor-element-image\"><div class=\"gutentor-element-image-box\"><div class=\"gutentor-image-thumb\"><img decoding=\"async\" class=\"normal-image\" src=\"https:\/\/bgg.de\/web\/wp-content\/uploads\/2023\/12\/volkmar-knueppel.jpg\"\/><\/div><\/div><\/div>\n\n\n\n<div id=\"section-g27e051\" class=\"wp-block-gutentor-e1 section-g27e051 gutentor-element gutentor-element-advanced-text\"><div class=\"gutentor-text-wrap\"><p class=\"gutentor-text\">Volkmar Kn\u00fcppel<br>Diplom-Ingenieur<\/p><\/div><\/div>\n\n\n\n<section id=\"3dc9fa\" class=\"section-3dc9fa gutentor-module gutentor-module-accordion\"><div class=\"grid-container\">\n<div id=\"cf4f8b\" class=\"wp-block-gutentor-m6-item section-cf4f8b gutentor-module gutentor-module-accordion-item\"><div class=\"gutentor-module-accordion-panel g-a-panel-3dc9fa\"><div tabindex=\"0\" class=\"gm-ah-3dc9fa gutentor-module-accordion-item-heading gutentor-module-icon-position-left\"><span class=\"gutentor-module-accordion-panel-handler\" role=\"button\"><span class=\"gutentor-module-accordion-icon\"><i class=\"gm-aio-3dc9fa gutentor-module-accordion-icon-open fas fa-angle-double-down\"><\/i><i class=\"gm-aic-3dc9fa gutentor-module-accordion-icon-close fas fa-angle-double-up\"><\/i><\/span><span class=\"gutentor-module-accordion-panel-handler-label\">CV Kn\u00fcppel<\/span><\/span><\/div><div class=\"gm-ab-3dc9fa gutentor-module-accordion-body\">\n<div id=\"section-g331d68\" class=\"wp-block-gutentor-e0 section-g331d68 gutentor-element gutentor-element-advanced-text\"><div class=\"gutentor-text-wrap\"><p class=\"gutentor-text\"><strong>1955<\/strong><br>geboren in Templin<br><br><strong>1975 bis 1980<\/strong><br>Studium Bauingenieurwesen Technische Hochschule Leipzig , Abschluss: Diplom Ingenieur (TH)<br><br><strong>1980 bis 1984<\/strong><br>Ingenieur ipro Berlin Kraftwerksbau<br><br><strong>1984<\/strong><br>Architekturb\u00fcro Karl Gr\u00fcnzig,<br><br><strong>seit 1995<\/strong><br>Gesch\u00e4ftsf\u00fchrer der Gr\u00fcnzig Ingenieurgesellschaft mbH<br><br><strong>Seit 2005<\/strong><br>Hauptgesellschafter der Gr\u00fcnzig Ingenieurgesellschaft mbH<\/p><\/div><\/div>\n<\/div><\/div><\/div>\n<\/div><\/section>\n<\/div><\/div>\n\n\n\n<div id=\"col-g-6a8kj88\" class=\"wp-block-gutentor-m4-col col-g-6a8kj88 gutentor-single-column  grid-lg-3 grid-md-12 grid-12\"><div id=\"section-g-6a8kj88\" class=\"section-g-6a8kj88 gutentor-col-wrap\">\n<div id=\"section-g06781d\" class=\"wp-block-gutentor-e6 section-g06781d gutentor-element gutentor-element-image\"><div class=\"gutentor-element-image-box\"><div class=\"gutentor-image-thumb\"><img decoding=\"async\" class=\"normal-image\" src=\"https:\/\/bgg.de\/web\/wp-content\/uploads\/2023\/12\/harry-duhl.jpg\"\/><\/div><\/div><\/div>\n\n\n\n<div id=\"section-gf202b8\" class=\"wp-block-gutentor-e1 section-gf202b8 gutentor-element gutentor-element-advanced-text\"><div class=\"gutentor-text-wrap\"><p class=\"gutentor-text\">Harry Duhl<br>Architekt<\/p><\/div><\/div>\n\n\n\n<section id=\"b5b950\" class=\"section-b5b950 gutentor-module gutentor-module-accordion\"><div class=\"grid-container\">\n<div id=\"dafc7f\" class=\"wp-block-gutentor-m6-item section-dafc7f gutentor-module gutentor-module-accordion-item\"><div class=\"gutentor-module-accordion-panel g-a-panel-b5b950\"><div tabindex=\"0\" class=\"gm-ah-b5b950 gutentor-module-accordion-item-heading gutentor-module-icon-position-left\"><span class=\"gutentor-module-accordion-panel-handler\" role=\"button\"><span class=\"gutentor-module-accordion-icon\"><i class=\"gm-aio-b5b950 gutentor-module-accordion-icon-open fas fa-angle-double-down\"><\/i><i class=\"gm-aic-b5b950 gutentor-module-accordion-icon-close fas fa-angle-double-up\"><\/i><\/span><span class=\"gutentor-module-accordion-panel-handler-label\">CV Duhl<\/span><\/span><\/div><div class=\"gm-ab-b5b950 gutentor-module-accordion-body\">\n<div id=\"section-g0ba121\" class=\"wp-block-gutentor-e0 section-g0ba121 gutentor-element gutentor-element-advanced-text\"><div class=\"gutentor-text-wrap\"><p class=\"gutentor-text\"><strong>1967<\/strong><br>geboren in Bingen am Rhein<br><br><strong>1988 bis 1990<\/strong><br>Ausbildung zum Schreinergesellen<br><br><strong>1991 bis 1994<\/strong><br>Innenarchitekturstudium FH Darmstadt<br><br><strong>1994 bis 2000<\/strong><br>Architekturstudium FH Darmstadt, Abschluss: Diplom Ingenieur (FH)<br><br><strong>1993 bis 2000<\/strong><br>Studentischer Mitarbeiter in verschiedenen B\u00fcros in Darmstadt und Dreieich<br><br><strong>2000 bis 2001<\/strong><br>Support und Consulting f\u00fcr speedikon in Bensheim<br><br><strong>2001 bis 2006<\/strong><br>Architekt Immoconsult GmbH in Frankfurt am Main<br><br><strong>2006 bis 2011<\/strong><br>Architekt Gr\u00fcnzig Planungsgesellschaft mbH<br><br><strong>Seit 2012<\/strong><br>Gesch\u00e4ftsf\u00fchrer der Gr\u00fcnzig Ingenieurgesellschaft mbH<br><br><strong>Seit 2005<\/strong><br>Mitglied der Architekten- und Stadtplanerkammer Hessen<\/p><\/div><\/div>\n<\/div><\/div><\/div>\n<\/div><\/section>\n<\/div><\/div>\n\n\n\n<div id=\"col-g-8leg8gu\" class=\"wp-block-gutentor-m4-col col-g-8leg8gu gutentor-single-column  grid-lg-3 grid-md-12 grid-12\"><div id=\"section-g-8leg8gu\" class=\"section-g-8leg8gu gutentor-col-wrap\"><\/div><\/div>\n<\/div><\/div><\/section>\n<\/div><\/div>\n<\/div><\/div><\/section>\n\n\n\n<section id=\"gmda1b3fa\" class=\"wp-block-gutentor-m4 section-gmda1b3fa gutentor-module gutentor-advanced-columns has-image-bg has-custom-bg has-gutentor-overlay\"><div class=\"grid-container\"><div class=\"grid-row\">\n<div id=\"col-gm4bf68e\" class=\"wp-block-gutentor-m4-col col-gm4bf68e gutentor-single-column  grid-lg-12 grid-md-12 grid-12\"><div id=\"section-gm4bf68e\" class=\"section-gm4bf68e gutentor-col-wrap\">\n<div id=\"section-g604a39\" class=\"wp-block-gutentor-e1 section-g604a39 gutentor-element gutentor-element-advanced-text text-align-center-desktop text-align-center-mobile\"><div class=\"gutentor-text-wrap\"><p class=\"gutentor-text\">CHRONIK<\/p><\/div><\/div>\n\n\n\n<div id=\"section-g6b9cb1\" class=\"wp-block-gutentor-e6 section-g6b9cb1 gutentor-element gutentor-element-image text-align-center-desktop text-align-center-tablet text-align-center-mobile\"><div class=\"gutentor-element-image-box\"><div class=\"gutentor-image-thumb\"><img decoding=\"async\" class=\"normal-image\" src=\"https:\/\/bgg.de\/web\/wp-content\/uploads\/2024\/02\/karl-gruenzig-sw.jpg\"\/><\/div><\/div><\/div>\n\n\n\n<section id=\"section-5605c6ed-9f35-4767-9f18-e1024fba2ff9\" class=\"wp-block-gutentor-timeline gutentor-section gutentor-timeline cssanimations timeline-template1\"><div class=\"grid-container\"><div class=\"gutentor-grid-item-wrap\"><div class=\"gutentor-timeline-wrapper\"><div class=\"gutentor-single-item gutentor-single-item-0 gutentor-even\"><div class=\"gutentor-timeline-item\"><div class=\"gutentor-single-item-wrap\"><div class=\"gutentor-timeline-item-circle\"><\/div><div class=\"gutentor-single-item-wrapper\"><div class=\"gutentor-single-item-content gutentor-timeline-item-content\"><div class=\"gutentor-timeline-item-org-title\"><h3 class=\"gutentor-timeline-item-heading-name\">1976<\/h3><\/div><h3 class=\"gutentor-single-item-title\">GR\u00dcNDUNG<\/h3><p class=\"gutentor-single-item-desc\">Vom Architekten Karl Gr\u00fcnzig gegr\u00fcndet, wurde das B\u00fcro nach 20 Jahren erfolgreicher T\u00e4tigkeit restrukturiert<\/p><\/div><\/div><\/div><\/div><\/div><div class=\"gutentor-single-item gutentor-single-item-1 gutentor-odd\"><div class=\"gutentor-timeline-item\"><div class=\"gutentor-single-item-wrap\"><div class=\"gutentor-timeline-item-circle\"><\/div><div class=\"gutentor-single-item-wrapper\"><div class=\"gutentor-single-item-content gutentor-timeline-item-content\"><div class=\"gutentor-timeline-item-org-title\"><h3 class=\"gutentor-timeline-item-heading-name\">1995<\/h3><\/div><h3 class=\"gutentor-single-item-title\">STRUKTUR<\/h3><p class=\"gutentor-single-item-desc\">Gliederung in drei spezialisierte Gesellschaften Planungsgesellschaft mbH, Ingenieurgesellschaft mbH und Consulting GmbH<\/p><\/div><\/div><\/div><\/div><\/div><div class=\"gutentor-single-item gutentor-single-item-2 gutentor-even\"><div class=\"gutentor-timeline-item\"><div class=\"gutentor-single-item-wrap\"><div class=\"gutentor-timeline-item-circle\"><\/div><div class=\"gutentor-single-item-wrapper\"><div class=\"gutentor-single-item-content gutentor-timeline-item-content\"><div class=\"gutentor-timeline-item-org-title\"><h3 class=\"gutentor-timeline-item-heading-name\">seit 2015<\/h3><\/div><h3 class=\"gutentor-single-item-title\">BGG Gr\u00fcnzig Ingenieurgesellschaft <\/h3><p class=\"gutentor-single-item-desc\">sorgt mit mehr als 30 Architekt:innen und Ingenieur:innen weiterhin f\u00fcr umfangreiche Leistungen zur Umsetzung und Ausf\u00fchrung von anspruchsvollen Bauvorhaben.<\/p><\/div><\/div><\/div><\/div><\/div><div class=\"gutentor-single-item gutentor-single-item-3 gutentor-odd\"><div class=\"gutentor-timeline-item\"><div class=\"gutentor-single-item-wrap\"><div class=\"gutentor-timeline-item-circle\"><\/div><div class=\"gutentor-single-item-wrapper\"><div class=\"gutentor-single-item-content gutentor-timeline-item-content\"><div class=\"gutentor-timeline-item-org-title\"><h3 class=\"gutentor-timeline-item-heading-name\">2024<\/h3><\/div><h3 class=\"gutentor-single-item-title\">Neuer Standort<\/h3><p class=\"gutentor-single-item-desc\">Nach \u00fcber 30 Jahren in Bad Homburg zieht BGG nach Frankfurt am Main in neue B\u00fcror\u00e4ume im Gateway Gardens, um noch n\u00e4her am Puls der Rhein-Main-Metropole zu sein.<\/p><\/div><\/div><\/div><\/div><\/div><\/div><\/div><\/div><\/section>\n<\/div><\/div>\n<\/div><\/div><\/section>\n\n\n\n<section id=\"gm57b0aa4\" class=\"wp-block-gutentor-m4 section-gm57b0aa4 gutentor-module gutentor-advanced-columns has-color-bg has-custom-bg\"><div class=\"grid-container\"><div class=\"grid-row\">\n<div id=\"col-gm919f24\" class=\"wp-block-gutentor-m4-col col-gm919f24 gutentor-single-column  grid-lg-12 grid-md-12 grid-12\"><div id=\"section-gm919f24\" class=\"section-gm919f24 gutentor-col-wrap\"><\/div><\/div>\n<\/div><\/div><\/section>\n","protected":false},"excerpt":{"rendered":"","protected":false},"author":2,"featured_media":0,"parent":0,"menu_order":0,"comment_status":"closed","ping_status":"closed","template":"template-gutentor-full-width.php","meta":{"footnotes":""},"class_list":["post-53","page","type-page","status-publish","hentry"],"_links":{"self":[{"href":"https:\/\/bgg.de\/web\/wp-json\/wp\/v2\/pages\/53","targetHints":{"allow":["GET"]}}],"collection":[{"href":"https:\/\/bgg.de\/web\/wp-json\/wp\/v2\/pages"}],"about":[{"href":"https:\/\/bgg.de\/web\/wp-json\/wp\/v2\/types\/page"}],"author":[{"embeddable":true,"href":"https:\/\/bgg.de\/web\/wp-json\/wp\/v2\/users\/2"}],"replies":[{"embeddable":true,"href":"https:\/\/bgg.de\/web\/wp-json\/wp\/v2\/comments?post=53"}],"version-history":[{"count":113,"href":"https:\/\/bgg.de\/web\/wp-json\/wp\/v2\/pages\/53\/revisions"}],"predecessor-version":[{"id":2680,"href":"https:\/\/bgg.de\/web\/wp-json\/wp\/v2\/pages\/53\/revisions\/2680"}],"wp:attachment":[{"href":"https:\/\/bgg.de\/web\/wp-json\/wp\/v2\/media?parent=53"}],"curies":[{"name":"wp","href":"https:\/\/api.w.org\/{rel}","templated":true}]}}